{"id":2,"date":"2017-10-13T05:57:19","date_gmt":"2017-10-13T05:57:19","guid":{"rendered":"http:\/\/mobis-wp\/?page_id=2"},"modified":"2025-09-24T08:44:50","modified_gmt":"2025-09-24T06:44:50","slug":"dokumentacija","status":"publish","type":"page","link":"https:\/\/www.imobis.lt\/mobis-info\/dokumentacija","title":{"rendered":"Dokumentacija"},"content":{"rendered":"\n<p><\/p>\n\n\n<p>\u010cia galite surasti aktuali\u0105 MOBIS dokumentacij\u0105: pasikeitimus versijose, vartotoj\u0173 vadovus, instrukcijas.<\/p>\n<p>Pakeitim\u0173 apra\u0161ymas nuo versijos 5.0.10 iki 5.0.12:<\/p>\n<p style=\"padding-left: 30px;\"><a href=\"https:\/\/www.imobis.lt\/mobis-info\/wp-content\/uploads\/2025\/09\/MOBIS_v5.0.12.pdf\" target=\"_blank\" rel=\"noopener\">Pakeitimai MOBIS v5.0.12<\/a><\/p>\n<p>Pakeitim\u0173 apra\u0161ymas nuo versijos 5.0.8 iki 5.0.10:<\/p>\n<p style=\"padding-left: 30px;\"><a href=\"https:\/\/www.imobis.lt\/mobis-info\/wp-content\/uploads\/2025\/03\/MOBIS_v5.0.10.pdf\" target=\"_blank\" rel=\"noopener\">Pakeitimai MOBIS v5.0.10<\/a><\/p>\n<p>Pakeitim\u0173 apra\u0161ymas nuo versijos 5.0.7 iki 5.0.8:<\/p>\n<p style=\"padding-left: 30px;\"><a href=\"https:\/\/www.imobis.lt\/mobis-info\/wp-content\/uploads\/2024\/12\/MOBIS_v5.0.8.pdf\" target=\"_blank\" rel=\"noopener\">Pakeitimai MOBIS v5.0.8<\/a><\/p>\n<p>Pakeitim\u0173 apra\u0161ymas nuo versijos 5.0.6 iki 5.0.7:<\/p>\n<p style=\"padding-left: 30px;\"><a href=\"https:\/\/www.imobis.lt\/mobis-info\/wp-content\/uploads\/2024\/09\/MOBIS_v5.0.7.pdf\" target=\"_blank\" rel=\"noopener\">Pakeitimai MOBIS v5.0.7<\/a><\/p>\n<p>Pakeitim\u0173 apra\u0161ymas nuo versijos 5.0.5 iki 5.0.6:<\/p>\n<p style=\"padding-left: 30px;\"><a href=\"https:\/\/www.imobis.lt\/mobis-info\/wp-content\/uploads\/2024\/09\/MOBIS_v5.0.6.pdf\" target=\"_blank\" rel=\"noopener\">Pakeitimai MOBIS v5.0.6<\/a><\/p>\n<p>Pakeitim\u0173 apra\u0161ymas nuo versijos 5.0.4 iki 5.0.5:<\/p>\n<p style=\"padding-left: 30px;\"><a href=\"https:\/\/www.imobis.lt\/mobis-info\/wp-content\/uploads\/2024\/09\/MOBIS_v5.0.5.pdf\" target=\"_blank\" rel=\"noopener\">Pakeitimai MOBIS v5.0.5<\/a><\/p>\n<p>Pakeitim\u0173 apra\u0161ymas nuo versijos 5.0.3 iki 5.0.4:<\/p>\n<p style=\"padding-left: 30px;\"><a href=\"https:\/\/www.imobis.lt\/mobis-info\/wp-content\/uploads\/2024\/09\/MOBIS_v5.0.4.pdf\" target=\"_blank\" rel=\"noopener\">Pakeitimai MOBIS v5.0.4<\/a><\/p>\n<p>Pakeitim\u0173 apra\u0161ymas nuo versijos 5.0.2 iki 5.0.3:<\/p>\n<p style=\"padding-left: 30px;\"><a href=\"https:\/\/www.imobis.lt\/mobis-info\/wp-content\/uploads\/2024\/09\/MOBIS_v5.0.3.pdf\" target=\"_blank\" rel=\"noopener\">Pakeitimai MOBIS v5.0.3<\/a><\/p>\n<p>Pakeitim\u0173 apra\u0161ymas nuo versijos 5.0.1 iki 5.0.2:<\/p>\n<p style=\"padding-left: 30px;\"><a href=\"https:\/\/www.imobis.lt\/mobis-info\/wp-content\/uploads\/2024\/09\/MOBIS_v5.0.2.pdf\" target=\"_blank\" rel=\"noopener\">Pakeitimai MOBIS v5.0.2<\/a><\/p>\n<p>Pakeitim\u0173 apra\u0161ymas nuo versijos 5.0.0 iki 5.0.1:<\/p>\n<p style=\"padding-left: 30px;\"><a href=\"https:\/\/www.imobis.lt\/mobis-info\/wp-content\/uploads\/2024\/09\/MOBIS_v5.0.1.pdf\" target=\"_blank\" rel=\"noopener\">Pakeitimai MOBIS v5.0.1<\/a><\/p>\n<p>Elektroninio katalogo apra\u0161ymas:<\/p>\n<p style=\"padding-left: 30px;\"><a href=\"https:\/\/www.imobis.lt\/mobis-info\/wp-content\/uploads\/2017\/11\/Elektroninis-katalogas.docx\">Elektroninis katalogas<\/a><\/p>\n<h6>MOBIS v5 dokumentacija<\/h6>\n<p>Instrukcijos:<\/p>\n<p style=\"padding-left: 40px;\"><a href=\"https:\/\/www.imobis.lt\/mobis-info\/wp-content\/uploads\/2024\/05\/Darbo_su_MOBIS_pradzia.pdf\" target=\"_blank\" rel=\"noopener\">Darbo su MOBIS prad\u017eia<\/a><\/p>\n<p style=\"padding-left: 40px;\"><a href=\"https:\/\/www.imobis.lt\/mobis-info\/wp-content\/uploads\/2024\/12\/Saskaitu_uzbaigimas.pdf\" target=\"_blank\" rel=\"noopener\">S\u0105skait\u0173 u\u017ebaigimas<\/a><\/p>\n<p>Vartotoj\u0173 vadovai:<\/p>\n<p style=\"padding-left: 40px;\"><a href=\"https:\/\/www.imobis.lt\/mobis-info\/wp-content\/uploads\/2025\/06\/Skaitytoju_aptarnavimo_vadovas.pdf\" target=\"_blank\" rel=\"noopener\">Skaitytoj\u0173 aptarnavimo vadovas<\/a><\/p>\n<p style=\"padding-left: 40px;\"><a href=\"https:\/\/www.imobis.lt\/mobis-info\/wp-content\/uploads\/2024\/05\/Katalogavimo_vartotoju_vadovas.pdf\" target=\"_blank\" rel=\"noopener\">Katalogavimo vartotoj\u0173 vadovas<\/a><\/p>\n<h6>MOBIS v4 dokumentacija<\/h6>\n<p>Instrukcijos:<\/p>\n<p style=\"padding-left: 40px;\"><a href=\"https:\/\/www.imobis.lt\/mobis-info\/wp-content\/uploads\/2017\/11\/Bendrosios-apskaitos-knyga-Jud\u0117jimas.docx\">Bendrosios apskaitos knyga &#8211; Jud\u0117jimas<\/a><\/p>\n<p style=\"padding-left: 40px;\"><a href=\"https:\/\/www.imobis.lt\/mobis-info\/wp-content\/uploads\/2017\/11\/Vadov\u0117li\u0173-i\u0161davimas-naudojant-br\u016bk\u0161ninius-kodus.docx\">Vadov\u0117li\u0173 i\u0161davimas naudojant br\u016bk\u0161ninius kodus<\/a><\/p>\n<p style=\"padding-left: 40px;\"><a href=\"https:\/\/www.imobis.lt\/mobis-info\/wp-content\/uploads\/2017\/11\/Vadov\u0117li\u0173-i\u0161duoties-lapeli\u0173-spausdinimas.docx\">Vadov\u0117li\u0173 i\u0161duoties lapeli\u0173 spausdinimas<\/a><\/p>\n<p style=\"padding-left: 40px;\"><a href=\"https:\/\/www.imobis.lt\/mobis-info\/wp-content\/uploads\/2018\/05\/Skolinink\u0173-s\u0105ra\u0161o-formavimas.docx\">Skolinink\u0173 s\u0105ra\u0161o formavimas<\/a><\/p>\n<p>Vartotoj\u0173 vadovai:<\/p>\n<p style=\"padding-left: 40px;\"><a href=\"https:\/\/www.imobis.lt\/mobis-info\/wp-content\/uploads\/2020\/06\/Dokument\u0173-ir-vadov\u0117li\u0173-u\u017esakymo-ir-rezervavimo-vadovas.docx\">Dokument\u0173 ir vadov\u0117li\u0173 u\u017esakymo ir rezervavimo vadovas<\/a><\/p>\n<p style=\"padding-left: 40px;\"><a href=\"https:\/\/www.imobis.lt\/mobis-info\/wp-content\/uploads\/2020\/06\/Fond\u0173-grupi\u0173-skaitytoj\u0173-teisi\u0173-vadovas.docx\">Fond\u0173, grupi\u0173, skaitytoj\u0173 teisi\u0173 vadovas<\/a><\/p>","protected":false},"excerpt":{"rendered":"<p>\u010cia galite surasti aktuali\u0105 MOBIS dokumentacij\u0105: pasikeitimus versijose, vartotoj\u0173 vadovus, instrukcijas. Pakeitim\u0173 apra\u0161ymas nuo versijos 5.0.10 iki 5.0.12: Pakeitimai MOBIS v5.0.12 Pakeitim\u0173 apra\u0161ymas nuo versijos 5.0.8 iki 5.0.10: Pakeitimai MOBIS v5.0.10 Pakeitim\u0173 apra\u0161ymas nuo versijos 5.0.7 iki 5.0.8: Pakeitimai MOBIS v5.0.8 Pakeitim\u0173 apra\u0161ymas nuo versijos 5.0.6 iki 5.0.7: Pakeitimai MOBIS v5.0.7 Pakeitim\u0173 apra\u0161ymas nuo versijos &hellip; <\/p>\n<p class=\"link-more\"><a href=\"https:\/\/www.imobis.lt\/mobis-info\/dokumentacija\" class=\"more-link\">Toliau skaityti<span class=\"screen-reader-text\"> &#8222;Dokumentacija&#8221;<\/span><\/a><\/p>\n","protected":false},"author":1,"featured_media":0,"parent":0,"menu_order":0,"comment_status":"closed","ping_status":"open","template":"","meta":{"footnotes":""},"class_list":["post-2","page","type-page","status-publish","hentry"],"_links":{"self":[{"href":"https:\/\/www.imobis.lt\/mobis-info\/wp-json\/wp\/v2\/pages\/2","targetHints":{"allow":["GET"]}}],"collection":[{"href":"https:\/\/www.imobis.lt\/mobis-info\/wp-json\/wp\/v2\/pages"}],"about":[{"href":"https:\/\/www.imobis.lt\/mobis-info\/wp-json\/wp\/v2\/types\/page"}],"author":[{"embeddable":true,"href":"https:\/\/www.imobis.lt\/mobis-info\/wp-json\/wp\/v2\/users\/1"}],"replies":[{"embeddable":true,"href":"https:\/\/www.imobis.lt\/mobis-info\/wp-json\/wp\/v2\/comments?post=2"}],"version-history":[{"count":60,"href":"https:\/\/www.imobis.lt\/mobis-info\/wp-json\/wp\/v2\/pages\/2\/revisions"}],"predecessor-version":[{"id":3582,"href":"https:\/\/www.imobis.lt\/mobis-info\/wp-json\/wp\/v2\/pages\/2\/revisions\/3582"}],"wp:attachment":[{"href":"https:\/\/www.imobis.lt\/mobis-info\/wp-json\/wp\/v2\/media?parent=2"}],"curies":[{"name":"wp","href":"https:\/\/api.w.org\/{rel}","templated":true}]}}