{"id":247,"date":"2017-11-01T13:40:29","date_gmt":"2017-11-01T11:40:29","guid":{"rendered":"https:\/\/www.imobis.lt\/mobis-info\/?page_id=247"},"modified":"2024-10-08T15:13:58","modified_gmt":"2024-10-08T13:13:58","slug":"mobis-debesis","status":"publish","type":"page","link":"https:\/\/www.imobis.lt\/mobis-info\/mobis-debesis","title":{"rendered":"MOBIS debesis"},"content":{"rendered":"<p>MOBIS debesis &#8211; tai MOBIS darbui per nuotol\u012f paruo\u0161ta centralizuota infrastrukt\u016bra, kuri yra palaikoma <a href=\"https:\/\/lt.asseco.com\/\" target=\"_blank\" rel=\"noopener\">UAB \u201eAsseco Lietuva\u201c<\/a>.<\/p>\n<p>MOBIS debesis leid\u017eia:<\/p>\n<ul>\n<li>naudotis naujausia MOBIS programin\u0117s \u012frangos versija;<\/li>\n<li>naudotis <a href=\"https:\/\/www.imobis.lt\/mobis-info\/?page_id=120\">elektroniniu katalogu<\/a>, skirtu skaitytojams;<\/li>\n<li>sutaupyti l\u0117\u0161as tarnybin\u0117s stoties \u012fsigijimui mokykloje;<\/li>\n<li>u\u017etikrinti fizin\u0119 duomen\u0173 apsaug\u0105 24\/7;<\/li>\n<li>u\u017etikrinti patikim\u0105 duomen\u0173 archyvavim\u0105.<\/li>\n<\/ul>\n<p>Jei norite naudoti MOBIS debes\u012f, galite u\u017epildyti <a href=\"https:\/\/www.imobis.lt\/mobis-info\/?page_id=34\">u\u017eklausos form\u0105<\/a> ir mes susisieksime su Jumis.<\/p>\n","protected":false},"excerpt":{"rendered":"<p>MOBIS debesis &#8211; tai MOBIS darbui per nuotol\u012f paruo\u0161ta centralizuota infrastrukt\u016bra, kuri yra palaikoma UAB \u201eAsseco Lietuva\u201c. MOBIS debesis leid\u017eia: naudotis naujausia MOBIS programin\u0117s \u012frangos versija; naudotis elektroniniu katalogu, skirtu skaitytojams; sutaupyti l\u0117\u0161as tarnybin\u0117s stoties \u012fsigijimui mokykloje; u\u017etikrinti fizin\u0119 duomen\u0173 apsaug\u0105 24\/7; u\u017etikrinti patikim\u0105 duomen\u0173 archyvavim\u0105. Jei norite naudoti MOBIS debes\u012f, galite u\u017epildyti u\u017eklausos form\u0105 &hellip; <\/p>\n<p class=\"link-more\"><a href=\"https:\/\/www.imobis.lt\/mobis-info\/mobis-debesis\" class=\"more-link\">Toliau skaityti<span class=\"screen-reader-text\"> &#8222;MOBIS debesis&#8221;<\/span><\/a><\/p>\n","protected":false},"author":3,"featured_media":0,"parent":0,"menu_order":0,"comment_status":"closed","ping_status":"closed","template":"","meta":{"footnotes":""},"class_list":["post-247","page","type-page","status-publish","hentry"],"_links":{"self":[{"href":"https:\/\/www.imobis.lt\/mobis-info\/wp-json\/wp\/v2\/pages\/247","targetHints":{"allow":["GET"]}}],"collection":[{"href":"https:\/\/www.imobis.lt\/mobis-info\/wp-json\/wp\/v2\/pages"}],"about":[{"href":"https:\/\/www.imobis.lt\/mobis-info\/wp-json\/wp\/v2\/types\/page"}],"author":[{"embeddable":true,"href":"https:\/\/www.imobis.lt\/mobis-info\/wp-json\/wp\/v2\/users\/3"}],"replies":[{"embeddable":true,"href":"https:\/\/www.imobis.lt\/mobis-info\/wp-json\/wp\/v2\/comments?post=247"}],"version-history":[{"count":7,"href":"https:\/\/www.imobis.lt\/mobis-info\/wp-json\/wp\/v2\/pages\/247\/revisions"}],"predecessor-version":[{"id":2977,"href":"https:\/\/www.imobis.lt\/mobis-info\/wp-json\/wp\/v2\/pages\/247\/revisions\/2977"}],"wp:attachment":[{"href":"https:\/\/www.imobis.lt\/mobis-info\/wp-json\/wp\/v2\/media?parent=247"}],"curies":[{"name":"wp","href":"https:\/\/api.w.org\/{rel}","templated":true}]}}