{"id":256,"date":"2017-11-01T13:55:00","date_gmt":"2017-11-01T11:55:00","guid":{"rendered":"https:\/\/www.imobis.lt\/mobis-info\/?page_id=256"},"modified":"2024-05-28T14:16:07","modified_gmt":"2024-05-28T12:16:07","slug":"versijos","status":"publish","type":"page","link":"https:\/\/www.imobis.lt\/mobis-info\/versijos","title":{"rendered":"Versijos"},"content":{"rendered":"<h3>Versija 5<\/h3>\n<p>Versija i\u0161leista 2023 m. Pilnai veikia MOBIS debesyje. Atitinka atnaujintus KM ministro patvirtintus Bibliotek\u0173 fondo apsaugos nuostatus. Versija vystoma ir palaikoma.<\/p>\n<h3>Versija 4<\/h3>\n<p>Versija i\u0161leista 2018 m. Bibliotek\u0173 DB veikia MOBIS debesyje.\u00a0 Versija palaikoma.<\/p>\n<h3>Versija 3<\/h3>\n<p>\u0160i versija i\u0161leista 2015 met\u0173 prad\u017eioje pereinant prie naujos valiutos Euro. Nebepalaikoma nuo 2016 liepos 1 d.<\/p>\n<h3>Versija 2<\/h3>\n<p>\u0160i versija buvo i\u0161leista 2003 metais. Ja nemokamai gal\u0117jo naudotis Lietuvos bendrojo lavinimo mokyklos. Nebepalaikoma nuo 2008 sausio 1 d.<\/p>\n","protected":false},"excerpt":{"rendered":"<p>Versija 5 Versija i\u0161leista 2023 m. Pilnai veikia MOBIS debesyje. Atitinka atnaujintus KM ministro patvirtintus Bibliotek\u0173 fondo apsaugos nuostatus. Versija vystoma ir palaikoma. Versija 4 Versija i\u0161leista 2018 m. Bibliotek\u0173 DB veikia MOBIS debesyje.\u00a0 Versija palaikoma. Versija 3 \u0160i versija i\u0161leista 2015 met\u0173 prad\u017eioje pereinant prie naujos valiutos Euro. Nebepalaikoma nuo 2016 liepos 1 d. &hellip; <\/p>\n<p class=\"link-more\"><a href=\"https:\/\/www.imobis.lt\/mobis-info\/versijos\" class=\"more-link\">Toliau skaityti<span class=\"screen-reader-text\"> &#8222;Versijos&#8221;<\/span><\/a><\/p>\n","protected":false},"author":3,"featured_media":0,"parent":0,"menu_order":0,"comment_status":"closed","ping_status":"closed","template":"","meta":{"footnotes":""},"class_list":["post-256","page","type-page","status-publish","hentry"],"_links":{"self":[{"href":"https:\/\/www.imobis.lt\/mobis-info\/wp-json\/wp\/v2\/pages\/256","targetHints":{"allow":["GET"]}}],"collection":[{"href":"https:\/\/www.imobis.lt\/mobis-info\/wp-json\/wp\/v2\/pages"}],"about":[{"href":"https:\/\/www.imobis.lt\/mobis-info\/wp-json\/wp\/v2\/types\/page"}],"author":[{"embeddable":true,"href":"https:\/\/www.imobis.lt\/mobis-info\/wp-json\/wp\/v2\/users\/3"}],"replies":[{"embeddable":true,"href":"https:\/\/www.imobis.lt\/mobis-info\/wp-json\/wp\/v2\/comments?post=256"}],"version-history":[{"count":5,"href":"https:\/\/www.imobis.lt\/mobis-info\/wp-json\/wp\/v2\/pages\/256\/revisions"}],"predecessor-version":[{"id":2852,"href":"https:\/\/www.imobis.lt\/mobis-info\/wp-json\/wp\/v2\/pages\/256\/revisions\/2852"}],"wp:attachment":[{"href":"https:\/\/www.imobis.lt\/mobis-info\/wp-json\/wp\/v2\/media?parent=256"}],"curies":[{"name":"wp","href":"https:\/\/api.w.org\/{rel}","templated":true}]}}